base 5) in base 16?
-2277
-100400 (base 5) to base 2
-110010011001
Convert 1696 (base 11) to base 7.
6206
Convert cc2c (base 13) to base 11.
1a3a6
145434 (base 6) to base 4
3131332
Convert -32530 (base 6) to base 14.
-190a
What is -1330122 (base 5) in base 3?
-1100220202
What is 1201200 (base 3) in base 12?
890
Convert 121122 (base 5) to base 3.
20020001
Convert -101100001000011 (base 2) to base 5.
-1210340
Convert -10000101110 (base 2) to base 16.
-42e
144401 (base 5) to base 12
372a
What is 62611 (base 7) in base 15?
4864
10110110 (base 2) to base 4
2312
Convert 1b6d (base 16) to base 2.
1101101101101
What is -45 (base 10) in base 9?
-50
4002 (base 8) to base 9
2727
What is -6349 (base 12) in base 6?
-122133
What is 3c3 (base 16) in base 8?
1703
What is -2230 (base 16) in base 11?
-6637
What is -18983 (base 10) in base 16?
-4a27
Convert 30010 (base 4) to base 7.
2152
What is -50017 (base 9) in base 2?
-1000000000110101
What is 13010123 (base 4) in base 9?
43642
Convert -9066 (base 14) to base 8.
-60322
Convert 44ac (base 15) to base 11.
aa39
-21403 (base 7) to base 5
-132334
-43315 (base 11) to base 14
-18d16
1275 (base 9) to base 16
3bf
-93 (base 16) to base 3
-12110
What is -231233 (base 4) in base 14?
-10d1
-2315 (base 10) to base 16
-90b
What is -8592 (base 10) in base 6?
-103440
What is -1111000110 (base 2) in base 8?
-1706
-116 (base 14) to base 9
-260
What is -112410 (base 7) in base 6?
-233013
Convert -21544 (base 7) to base 11.
-408a
What is -23204 (base 5) in base 2?
-11010001111
Convert 1c6 (base 16) to base 9.
554
Convert -1200 (base 6) to base 10.
-288
What is -22422 (base 5) in base 13?
-970
Convert -210110202 (base 3) to base 13.
-7181
9912 (base 12) to base 15
4ee2
What is -59133 (base 10) in base 8?
-163375
Convert -178d (base 15) to base 11.
-3901
Convert -100000000010111 (base 2) to base 5.
-1011112
What is 18745 (base 9) in base 16?
32c9
What is 10f8 (base 16) in base 10?
4344
What is -6b (base 15) in base 9?
-122
36046 (base 8) to base 9
23108
What is 78a7 (base 13) in base 11?
11745
-3f6 (base 16) to base 12
-706
Convert 13852 (base 12) to base 11.
19428
29805 (base 11) to base 12
20536
-202101211 (base 3) to base 12
-8734
Convert 924b (base 14) to base 7.
133224
What is 79 (base 10) in base 4?
1033
Convert c84 (base 16) to base 11.
2453
Convert 202021 (base 4) to base 3.
2222221
Convert 28237 (base 11) to base 4.
21310110
What is 513 (base 7) in base 6?
1103
What is 30314 (base 5) in base 9?
2616
What is 1102 (base 4) in base 5?
312
What is 30141 (base 7) in base 6?
53413
Convert -1210022111 (base 3) to base 9.
-53274
-262 (base 13) to base 10
-418
-24d (base 15) to base 8
-1013
3054 (base 7) to base 15
4b3
6a95 (base 11) to base 5
244200
What is 5133 (base 6) in base 14?
5b3
What is 495 (base 11) in base 10?
588
What is -1278 (base 10) in base 3?
-1202100
What is 8c2 (base 15) in base 13?
b96
What is 110000111 (base 2) in base 4?
12013
3acc (base 13) to base 15
2784
112252 (base 6) to base 2
10010110001000
What is -467a (base 12) in base 11?
-5a05
Convert -1420a (base 13) to base 8.
-111501
1010 (base 8) to base 7
1342
What is -c6 (base 14) in base 16?
-ae
Convert ad2 (base 14) to base 7.
6152
-110012 (base 5) to base 13
-1930
Convert -286 (base 15) to base 8.
-1100
Convert -835a (base 12) to base 10.
-14326
What is 1213001 (base 4) in base 11?
4a54
Convert -1139c (base 15) to base 3.
-2210012110
What is 164313 (base 8) in base 14?
17a0b
Convert -6020 (base 8) to base 6.
-22144
Convert -808 (base 12) to base 8.
-2210
Convert 8830 (base 10) to base 7.
34513
What is 21140 (base 11) in base 15?
91bd
Convert 214 (base 11) to base 14.
145
Convert -1507 (base 11) to base 2.
-11110010111
Convert -1041314 (base 6) to base 3.
-2122120101
Convert 112102 (base 4) to base 2.
10110010010
Convert 4023 (base 5) to base 10.
513
What is 1643 (base 8) in base 13?
568
6574 (base 11) to base 5
234142
13c35 (base 13) to base 14
d7cc
What is -101010111001 (base 2) in base 9?
-3680
What is -100000111010 (base 2) in base 8?
-4072
Convert -3007 (base 12) to base 9.
-7107
410 (base 6) to base 8
226
Convert 17b78 (base 12) to base 2.
1000011011001100
What is -23b (base 16) in base 2?
-1000111011
Convert -318 (base 12) to base 2.
-111000100
Convert 1002102 (base 3) to base 6.
3402
Convert -503a (base 15) to base 12.
-996a
1a6 (base 15) to base 11
317
-51 (base 12) to base 8
-75
What is 310110 (base 4) in base 6?
23300
Convert -22200 (base 4) to base 2.
-1010100000
What is 1013202 (base 4) in base 14?
1950
What is -222211 (base 3) in base 12?
-504
What is -4f0 (base 16) in base 3?
-1201211
-103255 (base 9) to base 10
-61448
Convert 1053 (base 7) to base 14.
1d3
Convert -1276 (base 9) to base 2.
-1111000000
-2a68 (base 13) to base 6
-44322
What is -93c (base 13) in base 5?
-22242
1658 (base 12) to base 14
d80
Convert 27a (base 16) to base 3.
212111
Convert -4974 (base 16) to base 8.
-44564
Convert 8b7 (base 14) to base 8.
3301
-1768 (base 9) to base 12
-952
10010010011 (base 2) to base 3
1121101
Convert 597 (base 11) to base 4.
23013
2371 (base 8) to base 11
a58
Convert 5829 (base 14) to base 12.
8a51
What is 13030111 (base 4) in base 16?
7315
What is 1831 (base 9) in base 5?
21110
-30024 (base 5) to base 3
-2120222
Convert 1011010001 (base 2) to base 13.
436
Convert -140 (base 9) to base 10.
-117
What is 11872 (base 13) in base 16?
7dcb
What is -600 (base 15) in base 14?
-6c6
Convert 201330 (base 4) to base 2.
100001111100
Convert -130 (base 8) to base 12.
-74
Convert 4bd (base 14) to base 7.
2526
Convert 1033 (base 5) to base 13.
b0
-314036 (base 7) to base 11
-37812
What is 6452 (base 8) in base 15?
eea
Convert 135a (base 16) to base 8.
11532
What is -10000 (base 4) in base 14?
-144
What is 411 (base 14) in base 9?
1077
What is -26a (base 16) in base 5?
-4433
Convert 2040 (base 5) to base 11.
226
What is -3998 (base 10) in base 8?
-7636
What is 1034234 (base 5) in base 15?
5549
Convert 534 (base 6) to base 4.
3022
What is 950 (base 10) in base 13?
581
What is 10000010001 (base 2) in base 4?
100101
Convert -b38 (base 13) to base 12.
-112a
What is -4869 (base 12) in base 9?
-12150
Convert 7546 (base 11) to base 14.
38c4
What is -c2c (base 15) in base 4?
-222312
-211 (base 6) to base 13
-61
What is -162 (base 15) in base 4?
-10331
What is -6080 (base 9) in base 3?
-20002200
Convert 100201 (base 4) to base 14.
557
What is -7381 (base 9) in base 5?
-133134
What is b474 (base 12) in base 14?
7252
-55208 (base 10) to base 13
-1c18a
-1b0 (base 14) to base 15
-185
14626 (base 8) to base 10
6550
4a03 (base 14) to base 12
75a3
-3085 (base 10) to base 11
-2355
536 (base 12) to base 8
1372
2412 (base 15) to base 5
221132
What is 233 (base 12) in base 14?
195
99 (base 11) to base 14
7a
What is -11b8 (base 13) in base 7?
-10224
What is 1d33 (base 15) in base 7?
24336
112200 (base 3) to base 11
330
Convert -11041 (base 13) to base 9.
-46234
What is 5556 (base 7) in base 11?
155a
-312204 (base 5) to base 13
-48c8
Convert -2100011 (base 3) to base 11.
-1310
What is 11100 (base 6) in base 12?
a90
What is -61 (base 12) in base 13?
-58
What is -1374 (base 9) in base 12?
-727
2c6a (base 15) to base 2
10010101001110
Convert -13553 (base 6) to base 11.
-1691
What is 12443 (base 5) in base 14?
514
What is -71 (base 9) in base 6?
-144
-107 (base 16) to base 11
-21a
What is 11628 (base 10) in base 12?
6890
-50102 (base 6) to base 15
-1de8
What is 750 (base 12) in base 4?
100230
What is -18e (base 16) in base 3?
-112202
13100123 (base 4) to base 8
72033
What is -22002 (base 4) in base 5?
-10032
What is -2314 (base 10) in base 5?
-33224
What is 16845 (base 11) in base 7?
125635
Convert -2973 (base 10) to base 9.
-4063
10210022 (base 3) to base 8
5312
964 (base 15) to base 8
4107
Convert -18c50 (base 14) to base 8.
-172506
Convert 1252 (base 8) to base 3.
221021
-2a4 (base 16) to base 7
-1654
What is 1674 (base 16) in base 6?
42340
What is 2657 (base 14) in base 7?
25440
What is -111022 (base 3) in base 5?
-2414
Convert -95 (base 12) to base 16.
-71
What is -101 (base 13) in base 2?
-10101010
-1052511 (base 6) to base 9
-81657
-2415 (base 6) to base 16
-24b
What is -12709 (base 14) in base 8?
-130345
What is 1229 (base 13) in base 15?
b65
What is 6956 (base 15) in base